**3 - 4*m**2 + 4*m - 3. Let p(g) = -g**3 + 4*g**2 + 5*g + 3. Let z be p(5). Suppose 5 = y + z. Determine f(y).
-3
Let n(g) be the third derivative of g**9/60480 - g**8/5040 + g**7/1680 + g**6/360 + 2*g**5/15 - 3*g**2. Let o(p) be the third derivative of n(p). Give o(3).
2
Let o(f) = f**2 - 17 - 8*f - 10*f - 7*f - 3*f**2. Let k(l) = l**2 + 13*l + 9. Let t = -7 + 18. Let p(m) = t*k(m) + 6*o(m). Calculate p(-5).
7
Let r(t) be the third derivative of -t**5/60 + t**3/2 + 3*t**2. Suppose -4*d = -5 - 7. Determine r(d).
-6
Let n(u) = 1 - 2*u + 0*u + 2 + u**2. Let c(r) = -r**3 - 9*r**2 - 9*r - 1. Let y be c(-8). Let h(b) = b - 4. Let z be h(y). What is n(z)?
6
Suppose 2*p = 5*s - 26, 4*s - 2*p - 20 = -0*p. Let b be 1/(s + -4)*0. Let m(l) = -l - 1. What is m(b)?
-1
Suppose 0 = 2*n - 2, -3*w + 3*n + 2*n = -7. Let z(p) = 3 + p**2 + 6*p + 2*p**2 - p**3 - 5. What is z(w)?
6
Let x(r) = -4 + 0 - 6 + 3*r + 7. Determine x(-3).
-12
Suppose 0 = 2*h + 36 - 22. Let d(c) = -2*c - 6. Determine d(h).
8
Let l(f) = 0 + 2 + 6 - f. Suppose -3*n + 4*n - 5 = 0. Calculate l(n).
3
Let j = -8 - -5. Let k(o) be the third derivative of 5*o**4/24 + o**3 + o**2. Let i(d) = -6*d - 6. Let p(a) = 4*i(a) + 5*k(a). Calculate p(j).
3
Let z = 6 + -5. Let m(r) be the first derivative of -r**2 - 16. Give m(z).
-2
Let h(x) = x**3 + 4*x**2 - 7*x - 7. Let w be -6*2*(-2)/8. Let u = w - 14. Let t = u - -6. What is h(t)?
3
Let i(q) = q + 5. Suppose 40 = -3*o + 8*o. Let g = -4 + o. What is i(g)?
9
Let o(l) be the first derivative of l**3/3 - 5*l**2/2 + l - 1. Suppose d = 2*i - 6, 5*d - 20 = -3*i + 15. Calculate o(i).
1
Suppose -5*t = -x - 324, x - 3*x + 120 = 2*t. Let p be t/(-12) - 4/(-12). Let s(u) = u**3 + 6*u**2 + 4*u - 7. Determine s(p).
-2
Let v(b) = 11*b - b**3 + 4*b**2 + 11*b - 17*b + 1. Let n = 12 - 7. Calculate v(n).
1
Let o(r) = -r + 1. Suppose 0*u - 48 = -4*u. Suppose 0 = s - 0*q + 2*q - u, 4*s - 8 = 2*q. Determine o(s).
-3
Let w(y) = y**3 + 5*y**2 - 4*y + 4. Let j(m) = m. Let p be j(-9). Let v be 2*9/6 + p. Calculate w(v).
-8
Let f be -2 + 2 + 2 - 0. Suppose -5*n + f = -3*g, 13 = -5*n - 4*g - 13. Let i(m) = 3*m**2 - 2*m + 0 - 2*m - 3 + m**3. Give i(n).
9
Suppose -4 + 12 = 2*k. Let x be 1 + -2 - (-3)/1. Let s(l) = -5*l**x + 4 + 0 - l + k*l**2. Determine s(0).
4
Let w(a) = -a**3 + 10*a**2 + 2. Let b be w(10). Let u(q) = -q + 4*q**b - 5 + 1 + 2. Give u(2).
12
Let j(n) = n**2 + 17*n + 15. Let o be j(-14). Let h = o + 21. Let p(v) = -v**3 - 7*v**2 - 6*v - 3. Calculate p(h).
-3
Let z be (2 + -1)*4 - -1. Let w(s) = z*s - 2*s + 3*s - 2. Suppose -3*p + 2 = -2*p. What is w(p)?
10
Let l(q) = -3*q + 1. Let i be 10/(-4) + (-57)/(-38). Calculate l(i).
4
Suppose -5*d + b = -d + 68, 0 = -2*d - 4*b - 52. Let r = d + 19. Let w(l) = -3*l**3 - l + 1. Determine w(r).
-3
Let i(y) be the third derivative of y**4/24 + 7*y**3/6 - 3*y**2 - 3. Give i(-6).
1
Let w(k) be the third derivative of -k**4/24 + 5*k**3/6 - k**2. Suppose -2*c - 15*i + 12 = -14*i, -2*c - 2*i = -16. Determine w(c).
1
Let c(m) = -2*m - 7. Let w be c(-6). Let r(s) be the first derivative of -s**2 - w*s - 2 + 3 + 0. Determine r(-5).
5
Suppose -5*x = -0*x - 5. Let g(b) = -x + 7*b**2 - 2*b + 0 + 3*b. Determine g(1).
7
Let v(y) = -4 - 2 + 9 + y - 6. Calculate v(0).
-3
Let o(r) be the first derivative of -r**2/2 + 2*r - 55. Let u = -6 - -10. Calculate o(u).
-2
Let b = 14 - 9. Let t(s) = -s - 1. What is t(b)?
-6
Let m(v) = -v**2 + 3*v + 1. Suppose -28 = 2*a - 8. Let g be ((-24)/15)/(4/a). Determine m(g).
-3
Let k be -1 + -1*(-21)/18. Let r(i) be the second derivative of 2*i + 0*i**2 + 0 + 1/12*i**4 - k*i**3. Determine r(1).
0
Let f(m) be the third derivative of -m**5/60 - m**4/4 + m**3 - 4*m**2. What is f(-6)?
6
Let u(w) = -w**2 + w. Let y be u(0). Suppose 4*i = -3*m - i + 14, -m + 4*i - 18 = y. Let k(t) be the first derivative of -t**2 + t + 1. Calculate k(m).
5
Let v(d) = 5*d**2 - 16*d + 24. Let x(s) = -s**2 + 4*s - 6. Let a(b) = 2*b - 4. Let f be a(3). Let h(o) = f*v(o) + 9*x(o). Give h(-5).
-1
Let y be 5*(-6)/45*-3. Let h be (1 + 4/8)*y. Let o(l) = -3*l - 3. What is o(h)?
-12
Let r(q) = 2*q + 7. Let m be r(-4). Let t(l) = -6*l**2 - l - 1. What is t(m)?
-6
Let m(h) = -h**2 + 13*h - 4. Let k(i) = -i**2 + 12*i - 4. Let w(z) = 6*k(z) - 5*m(z). Give w(6).
2
Let f(c) = c**3 + 5*c**2 - c. Let o be (-1 - 2)/(1/1). Let d be 3/(-2)*(-10)/o. Calculate f(d).
5
Suppose -24*w + 24 = -20*w. Let j(h) = -19 - h + 7 + 14 + 2*h. Give j(w).
8
Let h(u) be the first derivative of u**3/3 + 3*u**2 - 3*u + 70. Calculate h(-6).
-3
Let g(x) = -x**2 - 5*x - 3. Suppose 2*a - 9 = -3*s, 6*a + 20 = a + s. Let m be a/3 + 6 + -3. Suppose -o - o = 2, 5*n - m*o = -23. Calculate g(n).
-3
Let g(l) = -3*l - 13. Let f(r) = r + 4. Let c(m) = -17*f(m) - 6*g(m). Let j be c(-8). Let z(s) = s**2 + s. Give z(j).
6
Let t(g) = -g + 1. Suppose 1 - 9 = -2*p. Suppose -3*j + p*j = 17. Suppose -j - 3 = 5*y. Calculate t(y).
5
Let f(c) = 13*c - 8 + c**2 - 6*c + 24 - 9. Let j = 1 + -1. Suppose 3*r - 5*y = 5, j = -2*r - r + y - 11. What is f(r)?
-3
Let t(u) = -u**2 - u. Let o = 1 - -3. Let x(v) = v**2 - 4*v + 3. Let j be x(o). Calculate t(j).
-12
Suppose 4*m - a = 9, 3*a = 2 - 5. Let f(p) = -3*p + 4*p - 4*p**2 + m*p**2 + 3*p**2. Determine f(-1).
0
Let a(x) = -x**3 + 5*x**2 - 4*x + 3. Let h = -43 - -47. Give a(h).
3
Let l(f) = -f**2 - 9*f. Let g be l(-9). Suppose g = 5*n + 12 - 2. Let r(y) = 2*y. What is r(n)?
-4
Let z(d) be the first derivative of -d**7/140 + d**4/24 - d**3/3 + 4. Let b(a) be the third derivative of z(a). Determine b(1).
-5
Let z(p) be the third derivative of -p**4/24 + p**3/6 + p**2. Suppose 1 = 3*c - 2*l - 2, -3*l + 12 = c. Suppose 4*v = -5*w - 11, 0*w = c*v + w. What is z(v)?
0
Let u = 5 - 1. Let h(d) = 4*d - 6*d + 6 - d**2 - u*d. Give h(-5).
11
Let p(w) = 3*w - 1. Let f be p(4). Let h(i) = -18*i + 3 + f*i + 10*i. Calculate h(-3).
-6
Let h = 21 - 13. Let a = h + -5. Let x(b) = a + 1 + 2 - b - 3. Determine x(5).
-2
Let g(b) = b**3 + 5*b**2 + 5*b - 4. Let a be ((-2)/4)/((-3)/(-78)). Let j = a + 9. Give g(j).
-8
Let t(v) = -v**2 + v + 2. Suppose -5*j = -d + 22, d + 32 = 6*d + j. Let c(m) = 7 - 3*m**2 + 2*m**2 + 8*m + 7*m**2 - d*m**2. Let p be c(9). Give t(p).
-4
Let c = -24 + 26. Let m(b) = -5*b. Give m(c).
-10
Let r(s) = 8*s - 3. Let k(l) = 32*l - 13. Let d(j) = 2*k(j) - 9*r(j). Give d(1).
-7
Suppose 3 = -v + 6. Let t(f) = -9*f**2 + 10*f + 1. Let y(s) = -4*s**2 + 5*s + 1. Let c(q) = v*t(q) - 7*y(q). Calculate c(6).
2
Let t(d) = d**3 - 4*d**2 + 3*d - 2. Suppose -s = -3 - 7. Suppose -4*x + s = x. Give t(x).
-4
Let x(j) = -j**2 - 4*j - 5. Let o(w) = -w**2 - 3*w - 4. Let h(s) = -3*o(s) + 2*x(s). Calculate h(-3).
8
Suppose -4 = 2*k + 6. Let w(b) = -b + 0*b - 2*b - b**2. Calculate w(k).
-10
Let q(h) = -h**2 - 2*h - 1. Let l(p) = p**3 + 2*p**2 + 3*p + 20. Let u(f) = l(f) + q(f). Give u(0).
19
Let q = 10 - 4. Suppose -2*k = -0*k - q. Suppose 0*r - 2*r = -10, 4*r - 17 = -k*p. Let v(m) = -3*m**2 + 1. Determine v(p).
-2
Let g(h) = -4*h**3 - 4*h**2 - h + 2. Let m(n) = 3*n**3 + 4*n**2 + n - 1. Let w(d) = -2*g(d) - 3*m(d). Determine w(-4).
3
Let w(j) be the third derivative of 1/720*j**6 + 0*j + 1/12*j**4 - 1/60*j**5 + 0 + 0*j**3 + 2*j**2. Let h(p) be the second derivative of w(p). Determine h(3).
1
Let g(o) = 4*o**2 + 2*o + o + 2 + o**3 - o. Suppose -2*u + 3*d = -2 - 7, 0 = -5*u - 5*d - 40. What is g(u)?
5
Let m(w) = 9 - 2*w - w**3 + 11 - 4*w**2 - 17. Determine m(-4).
11
Let n(d) = 11*d + 85. Let s be n(-7). Let l(t) = -t**3 + 8*t**2 + t - 7. Give l(s).
1
Let t(v) = 5 + 2*v + 3*v**2 - 3 - 4. Let y be (-18)/12 + (-2)/4. What is t(y)?
6
Let z(p) = p. Let c be z(-2). Let t(l) = l**3 + 3*l**2 - 2. Let b be t(-2). Let q(g) = 3*g**b - g**2 - 2*g + 2 - 5*g**2. Calculate q(c).
-6
Let c(q) be the first derivative of -7/6*q**3 - q**2 + 1/12*q**4 + 0*q + 3. Let s(j) be the second derivative of c(j). Calculate s(6).
5
Let m(w) = w**2 - 13*w + 38. Let n be m(7). Let d(h) = h**3 + 6*h**2 + 3*h + 4. Calculate d(n).
24
Let n(h) = -h - 5. Let v be n(-6). Let m be (-5)/(-10)*(1 + v). Let i(y) = 5*y**2 + 2*y - 1. Calculate i(m).
6
Let d(h) = 3*h**3 + 2*h - 1. Let i be (-10)/(-15) + 7/3. Suppose -z - i*z = 0. Let t = z + 1. Calculate d(t).
4
Let p(z) = 3*z**2 - 4*z + 639 - 638 + 3*z. Calculate p(1).
3
Suppos